is the greatest common factor of 352770 and 825?
165
What is the highest common factor of 152764 and 1055?
211
Calculate the highest common divisor of 35 and 2765.
35
What is the greatest common divisor of 10 and 890?
10
What is the highest common factor of 225180 and 15?
15
What is the greatest common divisor of 111 and 3897876?
111
What is the greatest common factor of 13 and 574691?
13
What is the greatest common factor of 25332 and 96?
12
What is the greatest common factor of 3999 and 403?
31
Calculate the highest common factor of 50388 and 1014.
78
What is the highest common factor of 1123698 and 1083?
57
Calculate the greatest common factor of 4446 and 2698.
38
Calculate the greatest common factor of 1812 and 2136.
12
Calculate the highest common divisor of 9603 and 693.
99
What is the highest common factor of 2249 and 1186261?
173
What is the greatest common factor of 16 and 552136?
8
What is the greatest common factor of 196 and 31409?
49
Calculate the greatest common divisor of 71673 and 609.
21
Calculate the highest common divisor of 58241 and 1676.
419
What is the greatest common divisor of 4233 and 14671?
17
What is the highest common divisor of 45 and 147?
3
Calculate the highest common divisor of 556155 and 495.
45
Calculate the greatest common divisor of 21 and 1047662.
7
Calculate the highest common divisor of 18903 and 66.
3
Calculate the greatest common divisor of 140288 and 137.
137
What is the highest common divisor of 64458 and 36?
18
Calculate the highest common divisor of 401 and 259046.
401
Calculate the greatest common factor of 160 and 300.
20
Calculate the greatest common divisor of 1242 and 41607.
621
Calculate the highest common factor of 2285980 and 20.
20
What is the greatest common factor of 50167 and 2497?
227
What is the greatest common divisor of 9128 and 508886?
2282
What is the greatest common divisor of 141093 and 183?
183
Calculate the highest common divisor of 14676 and 348.
12
Calculate the greatest common divisor of 376 and 1739.
47
Calculate the greatest common factor of 8 and 751236.
4
Calculate the greatest common divisor of 1575 and 510.
15
Calculate the highest common factor of 618 and 1128.
6
What is the greatest common factor of 819 and 10062?
117
Calculate the greatest common factor of 5 and 112727.
1
Calculate the highest common divisor of 2800 and 151480.
280
What is the highest common divisor of 15 and 262335?
15
Calculate the highest common divisor of 1335 and 134034.
267
What is the highest common divisor of 17801 and 7?
7
Calculate the highest common divisor of 556 and 108.
4
Calculate the greatest common factor of 44344 and 92.
92
What is the highest common divisor of 324 and 276684?
12
What is the greatest common divisor of 34 and 66895?
17
Calculate the greatest common factor of 64214 and 2134.
194
Calculate the greatest common factor of 571791 and 33.
33
Calculate the greatest common factor of 37998 and 72.
18
What is the greatest common factor of 11354 and 322?
14
What is the highest common factor of 2048 and 67328?
256
Calculate the highest common factor of 4458 and 642.
6
Calculate the greatest common divisor of 736 and 855370.
46
Calculate the highest common factor of 92 and 736.
92
What is the greatest common divisor of 1287 and 51051?
429
What is the greatest common factor of 14620 and 4420?
340
Calculate the highest common factor of 4325 and 3979.
173
Calculate the greatest common factor of 1410 and 78270.
30
What is the greatest common divisor of 518 and 36149?
37
Calculate the greatest common factor of 868 and 17608.
124
What is the greatest common divisor of 8 and 18614?
2
What is the greatest common factor of 243 and 212409?
27
Calculate the greatest common factor of 212 and 1002.
2
Calculate the greatest common factor of 6482504 and 49.
49
Calculate the highest common divisor of 130659 and 291.
291
Calculate the highest common divisor of 18003 and 21.
3
Calculate the highest common factor of 290054 and 646.
646
What is the greatest common divisor of 90 and 960165?
45
What is the greatest common factor of 1816 and 27912?
8
What is the highest common divisor of 239530 and 2074?
34
What is the greatest common divisor of 272 and 3664?
16
Calculate the greatest common factor of 6200 and 1800.
200
What is the greatest common divisor of 76318 and 110?
22
What is the greatest common divisor of 4271921 and 43?
43
Calculate the highest common divisor of 813 and 912457.
271
Calculate the greatest common factor of 9985697 and 113.
113
Calculate the highest common factor of 112 and 18802.
14
Calculate the highest common factor of 120 and 286584.
24
What is the highest common divisor of 5083792 and 28?
28
Calculate the greatest common divisor of 165 and 10032.
33
Calculate the highest common factor of 1593972 and 540.
108
What is the greatest common divisor of 2620 and 24040?
20
What is the highest common factor of 436046 and 312?
26
What is the highest common divisor of 23290 and 765?
85
Calculate the greatest common factor of 11440 and 130.
130
What is the highest common factor of 626 and 61?
1
What is the highest common factor of 7025 and 100?
25
Calculate the highest common divisor of 488248 and 16.
8
What is the highest common divisor of 36108 and 413?
59
Calculate the greatest common divisor of 11340 and 7.
7
Calculate the highest common divisor of 24340 and 40.
20
What is the highest common divisor of 28153 and 29950?
599
Calculate the greatest common divisor of 75306 and 374.
22
What is the greatest common divisor of 2592 and 112104?
648
What is the greatest common factor of 7325 and 2065?
5
What is the greatest common factor of 1184004 and 4?
4
Calculate the greatest common divisor of 27680 and 4325.
865
Calculate the highest common divisor of 190305 and 27.
9
Calculate the greatest common divisor of 1479 and 3621.
51
What is the highest common factor of 3276 and 24076?
52
What is the highest common divisor of 393 and 147637?
131
What is the highest common divisor of 1379 and 8015?
7
Calculate the highest common factor of 2783 and 345.
23
Calculate the greatest common factor of 62871 and 5130.
57
What is the greatest common divisor of 2413436 and 46?
46
Calculate the greatest common divisor of 260554 and 1036.
518
What is the highest common factor of 81 and 426753?
9
What is the greatest common factor of 30 and 3023355?
15
Calculate the greatest common factor of 1986 and 54.
6
What is the greatest common divisor of 865436 and 85?
17
Calculate the greatest common divisor of 81210 and 830.
10
What is the highest common divisor of 781656 and 16?
8
What is the highest common divisor of 143 and 19916?
13
What is the highest common factor of 488732 and 7808?
244
Calculate the greatest common factor of 94224 and 390.
78
What is the highest common divisor of 945 and 104769?
63
Calculate the highest common divisor of 287 and 28.
7
What is the highest common divisor of 432761 and 3376?
211
What is the highest common divisor of 37557 and 897?
39
Calculate the greatest common factor of 238 and 282548.
14
What is the highest common factor of 350 and 250150?
50
What is the highest common divisor of 539 and 10571?
11
What is the highest common divisor of 9389 and 615?
41
What is the highest common factor of 5886 and 7848?
1962
What is the greatest common factor of 503 and 2273560?
503
Calculate the greatest common divisor of 3589 and 66267.
37
What is the greatest common factor of 4332880 and 10?
10
Calculate the greatest common factor of 3393 and 13311.
261
Calculate the highest common factor of 42 and 163919.
7
Calculate the greatest common factor of 11150 and 4025.
25
What is the highest common divisor of 3165 and 3416090?
1055
What is the greatest common divisor of 177 and 3882141?
177
What is the highest common factor of 7272 and 5032?
8
What is the greatest common divisor of 311135 and 55?
55
What is the greatest common divisor of 3123211 and 637?
637
What is the highest common factor of 209534 and 26?
26
Calculate the greatest common divisor of 1544631 and 22.
11
Calculate the highest common factor of 472 and 72.
8
Calculate the greatest common factor of 21388 and 8.
4
What is the greatest common factor of 98826 and 2418?
78
What is the greatest common divisor of 33 and 670747?
11